{"id":4171,"date":"2018-05-17T00:32:29","date_gmt":"2018-05-16T22:32:29","guid":{"rendered":"http:\/\/www.bluehouse.fr\/JB6\/papap\/?page_id=4171"},"modified":"2018-05-19T19:45:18","modified_gmt":"2018-05-19T17:45:18","slug":"plateforme-internationale","status":"publish","type":"page","link":"https:\/\/www.bluehouse.fr\/JB6\/papap\/plateforme-internationale\/","title":{"rendered":"Plateforme internationale"},"content":{"rendered":"<p>[et_pb_section bb_built=\u00a0\u00bb1&Prime; specialty=\u00a0\u00bboff\u00a0\u00bb _builder_version=\u00a0\u00bb3.1.1&Prime; custom_margin=\u00a0\u00bb0px||0px|\u00a0\u00bb custom_padding=\u00a0\u00bb0px||0px|\u00a0\u00bb collapsed=\u00a0\u00bbon\u00a0\u00bb global_module=\u00a0\u00bb405&Prime; next_background_color=\u00a0\u00bb#000000&Prime;][et_pb_row global_parent=\u00a0\u00bb405&Prime; _builder_version=\u00a0\u00bb3.1.1&Prime; background_color=\u00a0\u00bb#afafaf\u00a0\u00bb use_background_color_gradient=\u00a0\u00bbon\u00a0\u00bb background_color_gradient_start=\u00a0\u00bb#dddddd\u00a0\u00bb background_color_gradient_end=\u00a0\u00bb#9b9b9b\u00a0\u00bb background_color_gradient_direction=\u00a0\u00bb1deg\u00a0\u00bb background_color_gradient_direction_radial=\u00a0\u00bbtop\u00a0\u00bb make_fullwidth=\u00a0\u00bbon\u00a0\u00bb custom_padding=\u00a0\u00bb0px||10px|\u00a0\u00bb use_custom_gutter=\u00a0\u00bbon\u00a0\u00bb gutter_width=\u00a0\u00bb1&Prime; custom_margin=\u00a0\u00bb0px||0px|\u00a0\u00bb][et_pb_column type=\u00a0\u00bb4_4&Prime;][\/et_pb_column][\/et_pb_row][\/et_pb_section][et_pb_section bb_built=\u00a0\u00bb1&Prime; admin_label=\u00a0\u00bbSection entete programme\u00a0\u00bb next_background_color=\u00a0\u00bb#000000&Prime; _builder_version=\u00a0\u00bb3.1.1&Prime; custom_margin=\u00a0\u00bb0px||0px|\u00a0\u00bb custom_padding=\u00a0\u00bb0px||0px|\u00a0\u00bb collapsed=\u00a0\u00bbon\u00a0\u00bb prev_background_color=\u00a0\u00bb#000000&Prime; animation_style=\u00a0\u00bbfold\u00a0\u00bb animation_direction=\u00a0\u00bbbottom\u00a0\u00bb global_module=\u00a0\u00bb4765&Prime;][et_pb_row admin_label=\u00a0\u00bbLigne BUR\u00a0\u00bb global_parent=\u00a0\u00bb4765&Prime; _builder_version=\u00a0\u00bb3.1.1&Prime; custom_margin=\u00a0\u00bb0px||0px|\u00a0\u00bb custom_padding=\u00a0\u00bb0px||0px|\u00a0\u00bb bg_img_2=\u00a0\u00bbhttp:\/\/www.bluehouse.fr\/JB6\/papap\/wp-content\/uploads\/2018\/05\/fond-donko-5.jpg\u00a0\u00bb gutter_width=\u00a0\u00bb1&Prime; use_custom_gutter=\u00a0\u00bbon\u00a0\u00bb padding_left_2=\u00a0\u00bb20px\u00a0\u00bb padding_right_2=\u00a0\u00bb20px\u00a0\u00bb parallax=\u00a0\u00bbon\u00a0\u00bb parallax_method=\u00a0\u00bboff\u00a0\u00bb parallax_2=\u00a0\u00bbon\u00a0\u00bb parallax_method_2=\u00a0\u00bboff\u00a0\u00bb make_fullwidth=\u00a0\u00bbon\u00a0\u00bb disabled_on=\u00a0\u00bboff|off|\u00a0\u00bb disabled=\u00a0\u00bboff\u00a0\u00bb collapsed=\u00a0\u00bboff\u00a0\u00bb][et_pb_column type=\u00a0\u00bb4_4&Prime;][et_pb_text admin_label=\u00a0\u00bbTexte : r\u00e9serve\u00a0\u00bb global_parent=\u00a0\u00bb4765&Prime; _builder_version=\u00a0\u00bb3.1.1&Prime; text_text_color=\u00a0\u00bb#ffffff\u00a0\u00bb header_text_color=\u00a0\u00bb#ffffff\u00a0\u00bb header_font_size=\u00a0\u00bb100&Prime; module_class=\u00a0\u00bbjb_prog_1&Prime; background_image=\u00a0\u00bbhttp:\/\/www.bluehouse.fr\/JB6\/papap\/wp-content\/uploads\/2018\/04\/fond-donko-1.jpg\u00a0\u00bb custom_padding=\u00a0\u00bb20px||20px|\u00a0\u00bb]<\/p>\n<p>sous r\u00e9serve de modifications<\/p>\n<p>[\/et_pb_text][et_pb_text admin_label=\u00a0\u00bbTexte : PROGRAMME\u00a0\u00bb global_parent=\u00a0\u00bb4765&Prime; _builder_version=\u00a0\u00bb3.1.1&Prime; text_text_color=\u00a0\u00bb#ffffff\u00a0\u00bb header_text_color=\u00a0\u00bb#ffffff\u00a0\u00bb header_font_size=\u00a0\u00bb100&Prime; module_class=\u00a0\u00bbjb_prog_1&Prime; background_image=\u00a0\u00bbhttp:\/\/www.bluehouse.fr\/JB6\/papap\/wp-content\/uploads\/2018\/04\/fond-donko-1.jpg\u00a0\u00bb custom_padding=\u00a0\u00bb20px||20px|\u00a0\u00bb]<\/p>\n<p><span class=\"jb_g_title_1\">PROGRAMME<\/span><br \/>\n<em>D\u00e9di\u00e9 \u00e0 Mlle Vivianne Gauthier, grande figure et ic\u00f4ne de la danse en Ha\u00efti<\/em><\/p>\n<p>[\/et_pb_text][\/et_pb_column][\/et_pb_row][\/et_pb_section][et_pb_section bb_built=\u00a0\u00bb1&Prime; fullwidth=\u00a0\u00bbon\u00a0\u00bb specialty=\u00a0\u00bboff\u00a0\u00bb prev_background_color=\u00a0\u00bb#000000&Prime; next_background_color=\u00a0\u00bb#000000&Prime; _builder_version=\u00a0\u00bb3.3.1&Prime;][et_pb_fullwidth_header _builder_version=\u00a0\u00bb3.3.1&Prime; background_image=\u00a0\u00bbhttp:\/\/www.bluehouse.fr\/JB6\/papap\/wp-content\/uploads\/2018\/05\/plateforme.jpg\u00a0\u00bb custom_padding=\u00a0\u00bb||350px|\u00a0\u00bb \/][\/et_pb_section][et_pb_section bb_built=\u00a0\u00bb1&Prime; admin_label=\u00a0\u00bbSection : lplateforme\u00a0\u00bb specialty=\u00a0\u00bboff\u00a0\u00bb prev_background_color=\u00a0\u00bb#ffffff\u00a0\u00bb _builder_version=\u00a0\u00bb3.1.1&Prime; background_image=\u00a0\u00bbhttp:\/\/www.bluehouse.fr\/JB6\/papap\/wp-content\/uploads\/2018\/05\/fond-plateforme-2-4.jpg\u00a0\u00bb custom_margin=\u00a0\u00bb0px||0px|\u00a0\u00bb custom_padding=\u00a0\u00bb0px||0px|\u00a0\u00bb parallax=\u00a0\u00bbon\u00a0\u00bb parallax_method=\u00a0\u00bboff\u00a0\u00bb collapsed=\u00a0\u00bboff\u00a0\u00bb animation_style=\u00a0\u00bbfade\u00a0\u00bb animation_delay=\u00a0\u00bb250ms\u00a0\u00bb next_background_color=\u00a0\u00bb#ffffff\u00a0\u00bb][et_pb_row admin_label=\u00a0\u00bbLigne BUR\u00a0\u00bb _builder_version=\u00a0\u00bb3.1.1&Prime; custom_margin=\u00a0\u00bb0px||0px|\u00a0\u00bb custom_padding=\u00a0\u00bb0px||0px|\u00a0\u00bb bg_img_2=\u00a0\u00bbhttp:\/\/www.bluehouse.fr\/JB6\/papap\/wp-content\/uploads\/2018\/05\/fond-donko-4.jpg\u00a0\u00bb gutter_width=\u00a0\u00bb1&Prime; use_custom_gutter=\u00a0\u00bbon\u00a0\u00bb padding_left_2=\u00a0\u00bb20px\u00a0\u00bb padding_right_2=\u00a0\u00bb20px\u00a0\u00bb background_image=\u00a0\u00bbhttp:\/\/www.bluehouse.fr\/JB6\/papap\/wp-content\/uploads\/2018\/05\/fond-2-4.jpg\u00a0\u00bb parallax=\u00a0\u00bbon\u00a0\u00bb parallax_method=\u00a0\u00bboff\u00a0\u00bb parallax_2=\u00a0\u00bbon\u00a0\u00bb parallax_method_2=\u00a0\u00bboff\u00a0\u00bb make_fullwidth=\u00a0\u00bbon\u00a0\u00bb disabled_on=\u00a0\u00bboff|off|\u00a0\u00bb disabled=\u00a0\u00bboff\u00a0\u00bb collapsed=\u00a0\u00bboff\u00a0\u00bb][et_pb_column type=\u00a0\u00bb2_3&Prime;][et_pb_text admin_label=\u00a0\u00bbTexte : PLATEFORME INTERNATIONALE\u00a0\u00bb _builder_version=\u00a0\u00bb3.3.1&Prime; background_image=\u00a0\u00bbhttp:\/\/www.bluehouse.fr\/JB6\/papap\/wp-content\/uploads\/2018\/05\/vert-2.jpg\u00a0\u00bb custom_padding=\u00a0\u00bb10px||6px|\u00a0\u00bb header_font=\u00a0\u00bb|800|||||||\u00a0\u00bb custom_margin=\u00a0\u00bb80px|||\u00a0\u00bb parallax_method=\u00a0\u00bboff\u00a0\u00bb header_text_color=\u00a0\u00bb#ffffff\u00a0\u00bb module_class=\u00a0\u00bbjb_programme_1&Prime; custom_padding_last_edited=\u00a0\u00bbon|phone\u00a0\u00bb header_font_size_phone=\u00a0\u00bb25&Prime; header_font_size_last_edited=\u00a0\u00bbon|phone\u00a0\u00bb]<\/p>\n<h1>PLATEFORME INTERNATIONALE<br \/>\ndu 21 au 24 Mai<\/h1>\n<p>[\/et_pb_text][et_pb_text admin_label=\u00a0\u00bbTexte : A travers\u00a0\u00bb _builder_version=\u00a0\u00bb3.1.1&Prime; custom_margin=\u00a0\u00bb30px||0px|\u00a0\u00bb custom_padding=\u00a0\u00bb0px||20px|\u00a0\u00bb module_class=\u00a0\u00bbjb_programme_1&Prime;]<\/p>\n<p>\u00c0 travers une plateforme de jeunes artistes \u00e9mergents, le projet vise a\u0300 donner une visibilit\u00e9 et une reconnaissance aux cr\u00e9ations ha\u00eftiennes et de la Cara\u00efbe tout en faisant le lien avec l\u2019Afrique. Une occasion d\u2019\u00e9changes culturels, de collaborations, de sensibilisation a\u0300 la diversit\u00e9 avec pour objectifs :<\/p>\n<ul>\n<li>Accompagner les jeunes artistes du spectacle vivant dans un processus de cr\u00e9ation et diffusion a\u0300 travers une plateforme internationale de solos<\/li>\n<li>Favoriser la production et la diffusion du spectacle vivant ha\u00eftien, carib\u00e9en et africain a\u0300 l\u2019\u00e9tranger<\/li>\n<li>Structurer et professionnaliser le marche\u0301 carib\u00e9en et ha\u00eftien de la jeune cr\u00e9ation contemporaine<\/li>\n<li>Susciter des rencontres et mettre en r\u00e9seau les professionnels du secteur<\/li>\n<li>Renforcer la cr\u00e9ation, la production et la diffusion de spectacles a\u0300 l\u2019\u00e9chelle inter- nationale<\/li>\n<li>Dynamiser la circulation de spectacles entre Ha\u00efti, la Cara\u00efbe, l\u2019Afrique et l\u2019Occident dans le domaine de la danse<\/li>\n<\/ul>\n<p>[\/et_pb_text][et_pb_text admin_label=\u00a0\u00bbTexte : Modalit\u00e9s\u00a0\u00bb _builder_version=\u00a0\u00bb3.3.1&Prime; module_class=\u00a0\u00bbhighlight_programme_blanc jb_programme_1&Prime; header_font_size=\u00a0\u00bb29px\u00a0\u00bb custom_margin=\u00a0\u00bb20px||0px|\u00a0\u00bb custom_padding=\u00a0\u00bb||0px|\u00a0\u00bb background_image=\u00a0\u00bbhttp:\/\/www.bluehouse.fr\/JB6\/papap\/wp-content\/uploads\/2018\/05\/vert-2.jpg\u00a0\u00bb header_3_text_color=\u00a0\u00bb#ffffff\u00a0\u00bb]<\/p>\n<h3>Modalit\u00e9s<\/h3>\n<p>[\/et_pb_text][et_pb_text admin_label=\u00a0\u00bbTexte : La plateforme\u00a0\u00bb _builder_version=\u00a0\u00bb3.1.1&Prime; custom_margin=\u00a0\u00bb30px||0px|\u00a0\u00bb custom_padding=\u00a0\u00bb0px||20px|\u00a0\u00bb module_class=\u00a0\u00bbjb_programme_1&Prime;]<\/p>\n<p>La plateforme de solos est biennale et est destin\u00e9e \u00e0 dix jeunes artistes \u00e9mergents afro-carib\u00e9ens : chor\u00e9graphes, danseurs, performers, acteurs etc.<\/p>\n<p>[\/et_pb_text][et_pb_text admin_label=\u00a0\u00bbTexte : crit\u00e8res\u00a0\u00bb _builder_version=\u00a0\u00bb3.3.1&Prime; module_class=\u00a0\u00bbhighlight_programme_blanc jb_programme_1&Prime; header_font_size=\u00a0\u00bb29px\u00a0\u00bb custom_margin=\u00a0\u00bb20px||0px|\u00a0\u00bb custom_padding=\u00a0\u00bb||0px|\u00a0\u00bb background_image=\u00a0\u00bbhttp:\/\/www.bluehouse.fr\/JB6\/papap\/wp-content\/uploads\/2018\/05\/vert-2.jpg\u00a0\u00bb header_3_text_color=\u00a0\u00bb#ffffff\u00a0\u00bb]<\/p>\n<h3>Crit\u00e8res de s\u00e9lection<\/h3>\n<p>[\/et_pb_text][et_pb_text admin_label=\u00a0\u00bbTexte : transgresser\u00a0\u00bb _builder_version=\u00a0\u00bb3.1.1&Prime; custom_margin=\u00a0\u00bb30px||0px|\u00a0\u00bb custom_padding=\u00a0\u00bb0px||20px|\u00a0\u00bb module_class=\u00a0\u00bbjb_programme_1&Prime;]<\/p>\n<ul>\n<li>transgresser les formes et les \u00e9critures performatives<\/li>\n<li>innover dans les propos (th\u00e9matiques, sujets) vers un questionnement universel<\/li>\n<li>utiliser le corps comme support d\u2019\u00e9criture singuli\u00e8re<\/li>\n<\/ul>\n<p>Chaque candidat se verra proposer un accompagnement mat\u00e9riel (son, lumi\u00e8re, sc\u00e9nographie) et un coaching artistique de son solo. Un jury international attribuera un prix permettant \u00e0 l\u2019artiste laur\u00e9at de disposer d\u2019une aide internationale \u00e0 la production et \u00e0 la diffusion.<\/p>\n<p>[\/et_pb_text][\/et_pb_column][et_pb_column type=\u00a0\u00bb1_3&Prime;][\/et_pb_column][\/et_pb_row][\/et_pb_section][et_pb_section bb_built=\u00a0\u00bb1&Prime; specialty=\u00a0\u00bboff\u00a0\u00bb _builder_version=\u00a0\u00bb3.1.1&Prime; custom_margin=\u00a0\u00bb0px||0px|\u00a0\u00bb custom_padding=\u00a0\u00bb0px||0px|\u00a0\u00bb collapsed=\u00a0\u00bbon\u00a0\u00bb prev_background_color=\u00a0\u00bb#000000&Prime; global_module=\u00a0\u00bb405&Prime;][et_pb_row global_parent=\u00a0\u00bb405&Prime; _builder_version=\u00a0\u00bb3.1.1&Prime; background_color=\u00a0\u00bb#afafaf\u00a0\u00bb use_background_color_gradient=\u00a0\u00bbon\u00a0\u00bb background_color_gradient_start=\u00a0\u00bb#dddddd\u00a0\u00bb background_color_gradient_end=\u00a0\u00bb#9b9b9b\u00a0\u00bb background_color_gradient_direction=\u00a0\u00bb1deg\u00a0\u00bb background_color_gradient_direction_radial=\u00a0\u00bbtop\u00a0\u00bb make_fullwidth=\u00a0\u00bbon\u00a0\u00bb custom_padding=\u00a0\u00bb0px||10px|\u00a0\u00bb use_custom_gutter=\u00a0\u00bbon\u00a0\u00bb gutter_width=\u00a0\u00bb1&Prime; custom_margin=\u00a0\u00bb0px||0px|\u00a0\u00bb][et_pb_column type=\u00a0\u00bb4_4&Prime;][\/et_pb_column][\/et_pb_row][\/et_pb_section]<\/p>\n","protected":false},"excerpt":{"rendered":"<p>[et_pb_section bb_built=\u00a0\u00bb1&Prime; specialty=\u00a0\u00bboff\u00a0\u00bb _builder_version=\u00a0\u00bb3.1.1&Prime; custom_margin=\u00a0\u00bb0px||0px|\u00a0\u00bb custom_padding=\u00a0\u00bb0px||0px|\u00a0\u00bb collapsed=\u00a0\u00bbon\u00a0\u00bb global_module=\u00a0\u00bb405&Prime; next_background_color=\u00a0\u00bb#000000&Prime;][et_pb_row global_parent=\u00a0\u00bb405&Prime; _builder_version=\u00a0\u00bb3.1.1&Prime; background_color=\u00a0\u00bb#afafaf\u00a0\u00bb use_background_color_gradient=\u00a0\u00bbon\u00a0\u00bb background_color_gradient_start=\u00a0\u00bb#dddddd\u00a0\u00bb background_color_gradient_end=\u00a0\u00bb#9b9b9b\u00a0\u00bb background_color_gradient_direction=\u00a0\u00bb1deg\u00a0\u00bb background_color_gradient_direction_radial=\u00a0\u00bbtop\u00a0\u00bb make_fullwidth=\u00a0\u00bbon\u00a0\u00bb custom_padding=\u00a0\u00bb0px||10px|\u00a0\u00bb use_custom_gutter=\u00a0\u00bbon\u00a0\u00bb gutter_width=\u00a0\u00bb1&Prime; custom_margin=\u00a0\u00bb0px||0px|\u00a0\u00bb][et_pb_column type=\u00a0\u00bb4_4&Prime;][\/et_pb_column][\/et_pb_row][\/et_pb_section][et_pb_section bb_built=\u00a0\u00bb1&Prime; admin_label=\u00a0\u00bbSection entete programme\u00a0\u00bb next_background_color=\u00a0\u00bb#000000&Prime; _builder_version=\u00a0\u00bb3.1.1&Prime; custom_margin=\u00a0\u00bb0px||0px|\u00a0\u00bb custom_padding=\u00a0\u00bb0px||0px|\u00a0\u00bb collapsed=\u00a0\u00bbon\u00a0\u00bb prev_background_color=\u00a0\u00bb#000000&Prime; animation_style=\u00a0\u00bbfold\u00a0\u00bb animation_direction=\u00a0\u00bbbottom\u00a0\u00bb global_module=\u00a0\u00bb4765&Prime;][et_pb_row admin_label=\u00a0\u00bbLigne BUR\u00a0\u00bb global_parent=\u00a0\u00bb4765&Prime; _builder_version=\u00a0\u00bb3.1.1&Prime; custom_margin=\u00a0\u00bb0px||0px|\u00a0\u00bb custom_padding=\u00a0\u00bb0px||0px|\u00a0\u00bb bg_img_2=\u00a0\u00bbhttp:\/\/www.bluehouse.fr\/JB6\/papap\/wp-content\/uploads\/2018\/05\/fond-donko-5.jpg\u00a0\u00bb gutter_width=\u00a0\u00bb1&Prime; use_custom_gutter=\u00a0\u00bbon\u00a0\u00bb padding_left_2=\u00a0\u00bb20px\u00a0\u00bb padding_right_2=\u00a0\u00bb20px\u00a0\u00bb parallax=\u00a0\u00bbon\u00a0\u00bb parallax_method=\u00a0\u00bboff\u00a0\u00bb parallax_2=\u00a0\u00bbon\u00a0\u00bb parallax_method_2=\u00a0\u00bboff\u00a0\u00bb make_fullwidth=\u00a0\u00bbon\u00a0\u00bb disabled_on=\u00a0\u00bboff|off|\u00a0\u00bb disabled=\u00a0\u00bboff\u00a0\u00bb collapsed=\u00a0\u00bboff\u00a0\u00bb][et_pb_column [&hellip;]<\/p>\n","protected":false},"author":4,"featured_media":0,"parent":0,"menu_order":0,"comment_status":"closed","ping_status":"closed","template":"","meta":{"_et_pb_use_builder":"on","_et_pb_old_content":""},"_links":{"self":[{"href":"https:\/\/www.bluehouse.fr\/JB6\/papap\/wp-json\/wp\/v2\/pages\/4171"}],"collection":[{"href":"https:\/\/www.bluehouse.fr\/JB6\/papap\/wp-json\/wp\/v2\/pages"}],"about":[{"href":"https:\/\/www.bluehouse.fr\/JB6\/papap\/wp-json\/wp\/v2\/types\/page"}],"author":[{"embeddable":true,"href":"https:\/\/www.bluehouse.fr\/JB6\/papap\/wp-json\/wp\/v2\/users\/4"}],"replies":[{"embeddable":true,"href":"https:\/\/www.bluehouse.fr\/JB6\/papap\/wp-json\/wp\/v2\/comments?post=4171"}],"version-history":[{"count":0,"href":"https:\/\/www.bluehouse.fr\/JB6\/papap\/wp-json\/wp\/v2\/pages\/4171\/revisions"}],"wp:attachment":[{"href":"https:\/\/www.bluehouse.fr\/JB6\/papap\/wp-json\/wp\/v2\/media?parent=4171"}],"curies":[{"name":"wp","href":"https:\/\/api.w.org\/{rel}","templated":true}]}}