{"id":21,"date":"2018-04-21T12:35:13","date_gmt":"2018-04-21T10:35:13","guid":{"rendered":"http:\/\/www.bluehouse.fr\/JB6\/papap\/?page_id=21"},"modified":"2018-05-18T12:56:28","modified_gmt":"2018-05-18T10:56:28","slug":"donko-seko","status":"publish","type":"page","link":"https:\/\/www.bluehouse.fr\/JB6\/papap\/donko-seko\/","title":{"rendered":"Donko Seko"},"content":{"rendered":"<p>[et_pb_section bb_built=\u00a0\u00bb1&Prime; specialty=\u00a0\u00bboff\u00a0\u00bb _builder_version=\u00a0\u00bb3.1.1&Prime; custom_margin=\u00a0\u00bb0px||0px|\u00a0\u00bb custom_padding=\u00a0\u00bb0px||0px|\u00a0\u00bb collapsed=\u00a0\u00bbon\u00a0\u00bb global_module=\u00a0\u00bb405&Prime; next_background_color=\u00a0\u00bb#000000&Prime;][et_pb_row global_parent=\u00a0\u00bb405&Prime; _builder_version=\u00a0\u00bb3.1.1&Prime; background_color=\u00a0\u00bb#afafaf\u00a0\u00bb use_background_color_gradient=\u00a0\u00bbon\u00a0\u00bb background_color_gradient_start=\u00a0\u00bb#dddddd\u00a0\u00bb background_color_gradient_end=\u00a0\u00bb#9b9b9b\u00a0\u00bb background_color_gradient_direction=\u00a0\u00bb1deg\u00a0\u00bb background_color_gradient_direction_radial=\u00a0\u00bbtop\u00a0\u00bb make_fullwidth=\u00a0\u00bbon\u00a0\u00bb custom_padding=\u00a0\u00bb0px||10px|\u00a0\u00bb use_custom_gutter=\u00a0\u00bbon\u00a0\u00bb gutter_width=\u00a0\u00bb1&Prime; custom_margin=\u00a0\u00bb0px||0px|\u00a0\u00bb][et_pb_column type=\u00a0\u00bb4_4&Prime;][\/et_pb_column][\/et_pb_row][\/et_pb_section][et_pb_section bb_built=\u00a0\u00bb1&Prime; _builder_version=\u00a0\u00bb3.1.1&Prime; background_image=\u00a0\u00bbhttp:\/\/www.bluehouse.fr\/JB6\/papap\/wp-content\/uploads\/2018\/05\/fond-donko-2-1-3.jpg\u00a0\u00bb parallax=\u00a0\u00bbon\u00a0\u00bb parallax_method=\u00a0\u00bboff\u00a0\u00bb custom_margin=\u00a0\u00bb0px|||\u00a0\u00bb custom_padding=\u00a0\u00bb0px|||\u00a0\u00bb prev_background_color=\u00a0\u00bb#ffffff\u00a0\u00bb next_background_color=\u00a0\u00bb#ffffff\u00a0\u00bb animation_style=\u00a0\u00bbfade\u00a0\u00bb][et_pb_row _builder_version=\u00a0\u00bb3.1.1&Prime; use_custom_gutter=\u00a0\u00bbon\u00a0\u00bb gutter_width=\u00a0\u00bb1&Prime; custom_margin=\u00a0\u00bb0px|||\u00a0\u00bb custom_padding=\u00a0\u00bb0px|||\u00a0\u00bb make_fullwidth=\u00a0\u00bbon\u00a0\u00bb][et_pb_column type=\u00a0\u00bb1_4&Prime;][et_pb_image admin_label=\u00a0\u00bbImage BUR\u00a0\u00bb _builder_version=\u00a0\u00bb3.1.1&Prime; src=\u00a0\u00bbhttp:\/\/www.bluehouse.fr\/JB6\/papap\/wp-content\/uploads\/2018\/05\/logo-donko.jpg\u00a0\u00bb force_fullwidth=\u00a0\u00bbon\u00a0\u00bb show_bottom_space=\u00a0\u00bboff\u00a0\u00bb animation_style=\u00a0\u00bbslide\u00a0\u00bb animation_direction=\u00a0\u00bbleft\u00a0\u00bb animation_delay=\u00a0\u00bb250ms\u00a0\u00bb disabled_on=\u00a0\u00bbon|on|\u00a0\u00bb disabled=\u00a0\u00bboff\u00a0\u00bb \/][et_pb_image admin_label=\u00a0\u00bbImage MOB\u00a0\u00bb _builder_version=\u00a0\u00bb3.1.1&Prime; src=\u00a0\u00bbhttp:\/\/www.bluehouse.fr\/JB6\/papap\/wp-content\/uploads\/2018\/05\/logo-donko.jpg\u00a0\u00bb show_bottom_space=\u00a0\u00bboff\u00a0\u00bb animation_style=\u00a0\u00bbslide\u00a0\u00bb animation_direction=\u00a0\u00bbleft\u00a0\u00bb animation_delay=\u00a0\u00bb250ms\u00a0\u00bb disabled_on=\u00a0\u00bb||on\u00a0\u00bb disabled=\u00a0\u00bboff\u00a0\u00bb max_width=\u00a0\u00bb50%\u00a0\u00bb always_center_on_mobile=\u00a0\u00bboff\u00a0\u00bb \/][\/et_pb_column][et_pb_column type=\u00a0\u00bb3_4&Prime;][et_pb_text _builder_version=\u00a0\u00bb3.1.1&Prime; text_text_color=\u00a0\u00bb#ffffff\u00a0\u00bb custom_padding=\u00a0\u00bb119px|100px||20px\u00a0\u00bb custom_padding_tablet=\u00a0\u00bb20px|100px||20px\u00a0\u00bb custom_padding_last_edited=\u00a0\u00bbon|desktop\u00a0\u00bb module_class=\u00a0\u00bbjb_txt_justify\u00a0\u00bb custom_padding_phone=\u00a0\u00bb20px|10px||20px\u00a0\u00bb]<\/p>\n<p>Sous la direction de Kettly No\u00ebl, l\u2019organisation Donko Seko fond\u00e9e en 2001 et bas\u00e9e \u00e0 Bamako (Mali) est devenue au fil des ans un acteur incontournable de la danse et des arts de la sc\u00e8ne en Afrique. En tant qu\u2019espace d\u00e9di\u00e9 \u00e0 la danse, la cr\u00e9ation, la recherche chor\u00e9graphique et les artistes en r\u00e9sidence, Donko Seko peut se pr\u00e9valoir d\u2019un bilan plus que positif : 14 \u00e9ditions du festival DanseBamakoDense avec l\u2019invitation de nombreux artistes d\u2019Europe, d\u2019Afrique ou des Am\u00e9riques \u00e0 pr\u00e9senter leurs oeuvres et offrir au public malien des spectacles novateurs de qualit\u00e9 et plus d\u2019une centaine de laboratoires, cours et stages qui ont form\u00e9 nombre de jeunes danseurs et chor\u00e9graphes, leur offrant un acc\u00e8s \u00e0 la professionnalisation, certains ayant \u00e9t\u00e9 depuis accueillis dans des compagnies internationales et des structures prestigieuses. Convaincu que l\u2019art contemporain et la danse peuvent \u00eatre d\u2019efficaces outils de socialisation, l\u2019organisation s\u2019est r\u00e9guli\u00e8rement engag\u00e9e dans des initiatives p\u00e9rennes en faveur des enfants d\u00e9favoris\u00e9s et de la condition f\u00e9minine avec le partenariat d\u2019institutions culturelles comme les Instituts Fran\u00e7ais, les minist\u00e8res de la culture du Mali et de la France, le Goethe Institute ou en association avec des \u00e9v\u00e8nements internationaux comme la Biennale de La Photo de Bamako. M\u00eame au plus fort de la crise s\u00e9curitaire malienne, Donko Seko n\u2019a pas cess\u00e9 son activit\u00e9 prouvant ainsi \u00eatre un partenaire fiable, audacieux et efficace, habitu\u00e9 aux situations difficiles.<br \/>\nAujourd\u2019hui, fort d\u2019une \u00e9quipe aguerrie et b\u00e9n\u00e9ficiant d\u2019un large r\u00e9seau de support international, Donko Seko veut \u00e9tendre son action et ses 18 ans d\u2019exp\u00e9rience \u00e0 Ha\u00efti, la terre natale de sa fondatrice Kettly No\u00ebl.<\/p>\n<p>[\/et_pb_text][\/et_pb_column][\/et_pb_row][et_pb_row _builder_version=\u00a0\u00bb3.1.1&Prime; make_fullwidth=\u00a0\u00bbon\u00a0\u00bb use_custom_gutter=\u00a0\u00bbon\u00a0\u00bb gutter_width=\u00a0\u00bb1&Prime; custom_padding=\u00a0\u00bb|100px||100px\u00a0\u00bb disabled_on=\u00a0\u00bbon|on|\u00a0\u00bb disabled=\u00a0\u00bboff\u00a0\u00bb][et_pb_column type=\u00a0\u00bb1_5&Prime;][et_pb_image _builder_version=\u00a0\u00bb3.1.1&Prime; src=\u00a0\u00bbhttp:\/\/www.bluehouse.fr\/JB6\/papap\/wp-content\/uploads\/2018\/05\/af1.jpg\u00a0\u00bb custom_padding=\u00a0\u00bb|10px||\u00a0\u00bb force_fullwidth=\u00a0\u00bbon\u00a0\u00bb animation_style=\u00a0\u00bbfade\u00a0\u00bb animation_delay=\u00a0\u00bb500ms\u00a0\u00bb \/][\/et_pb_column][et_pb_column type=\u00a0\u00bb1_5&Prime;][et_pb_image _builder_version=\u00a0\u00bb3.1.1&Prime; src=\u00a0\u00bbhttp:\/\/www.bluehouse.fr\/JB6\/papap\/wp-content\/uploads\/2018\/05\/af5.jpg\u00a0\u00bb custom_padding=\u00a0\u00bb|10px||\u00a0\u00bb force_fullwidth=\u00a0\u00bbon\u00a0\u00bb animation_style=\u00a0\u00bbfade\u00a0\u00bb animation_delay=\u00a0\u00bb500ms\u00a0\u00bb \/][\/et_pb_column][et_pb_column type=\u00a0\u00bb1_5&Prime;][et_pb_image _builder_version=\u00a0\u00bb3.1.1&Prime; src=\u00a0\u00bbhttp:\/\/www.bluehouse.fr\/JB6\/papap\/wp-content\/uploads\/2018\/05\/af4.jpg\u00a0\u00bb custom_padding=\u00a0\u00bb|10px||\u00a0\u00bb force_fullwidth=\u00a0\u00bbon\u00a0\u00bb animation_style=\u00a0\u00bbfade\u00a0\u00bb animation_delay=\u00a0\u00bb750ms\u00a0\u00bb \/][\/et_pb_column][et_pb_column type=\u00a0\u00bb1_5&Prime;][et_pb_image _builder_version=\u00a0\u00bb3.1.1&Prime; src=\u00a0\u00bbhttp:\/\/www.bluehouse.fr\/JB6\/papap\/wp-content\/uploads\/2018\/05\/af3.jpg\u00a0\u00bb custom_padding=\u00a0\u00bb|10px||\u00a0\u00bb force_fullwidth=\u00a0\u00bbon\u00a0\u00bb animation_style=\u00a0\u00bbfade\u00a0\u00bb animation_delay=\u00a0\u00bb1000ms\u00a0\u00bb \/][\/et_pb_column][et_pb_column type=\u00a0\u00bb1_5&Prime;][et_pb_image _builder_version=\u00a0\u00bb3.1.1&Prime; src=\u00a0\u00bbhttp:\/\/www.bluehouse.fr\/JB6\/papap\/wp-content\/uploads\/2018\/05\/af2.jpg\u00a0\u00bb custom_padding=\u00a0\u00bb|10px||\u00a0\u00bb force_fullwidth=\u00a0\u00bbon\u00a0\u00bb animation_style=\u00a0\u00bbfade\u00a0\u00bb animation_delay=\u00a0\u00bb1250ms\u00a0\u00bb \/][\/et_pb_column][\/et_pb_row][et_pb_row disabled_on=\u00a0\u00bbon|off|on\u00a0\u00bb disabled=\u00a0\u00bboff\u00a0\u00bb background_position=\u00a0\u00bbtop_left\u00a0\u00bb background_repeat=\u00a0\u00bbrepeat\u00a0\u00bb background_size=\u00a0\u00bbinitial\u00a0\u00bb _builder_version=\u00a0\u00bb3.1.1&Prime; make_fullwidth=\u00a0\u00bbon\u00a0\u00bb use_custom_gutter=\u00a0\u00bbon\u00a0\u00bb gutter_width=\u00a0\u00bb2&Prime;][et_pb_column type=\u00a0\u00bb1_4&Prime;][et_pb_image _builder_version=\u00a0\u00bb3.1.1&Prime; src=\u00a0\u00bbhttp:\/\/www.bluehouse.fr\/JB6\/papap\/wp-content\/uploads\/2018\/05\/af1.jpg\u00a0\u00bb custom_padding=\u00a0\u00bb|10px||\u00a0\u00bb force_fullwidth=\u00a0\u00bbon\u00a0\u00bb animation_style=\u00a0\u00bbfade\u00a0\u00bb animation_delay=\u00a0\u00bb500ms\u00a0\u00bb \/][et_pb_image _builder_version=\u00a0\u00bb3.1.1&Prime; src=\u00a0\u00bbhttp:\/\/www.bluehouse.fr\/JB6\/papap\/wp-content\/uploads\/2018\/05\/af4.jpg\u00a0\u00bb custom_padding=\u00a0\u00bb|10px||\u00a0\u00bb force_fullwidth=\u00a0\u00bbon\u00a0\u00bb animation_style=\u00a0\u00bbfade\u00a0\u00bb animation_delay=\u00a0\u00bb750ms\u00a0\u00bb \/][et_pb_image _builder_version=\u00a0\u00bb3.1.1&Prime; src=\u00a0\u00bbhttp:\/\/www.bluehouse.fr\/JB6\/papap\/wp-content\/uploads\/2018\/05\/af2.jpg\u00a0\u00bb custom_padding=\u00a0\u00bb|10px||\u00a0\u00bb force_fullwidth=\u00a0\u00bbon\u00a0\u00bb animation_style=\u00a0\u00bbfade\u00a0\u00bb animation_delay=\u00a0\u00bb1250ms\u00a0\u00bb \/][\/et_pb_column][et_pb_column type=\u00a0\u00bb1_4&Prime;][et_pb_image _builder_version=\u00a0\u00bb3.1.1&Prime; src=\u00a0\u00bbhttp:\/\/www.bluehouse.fr\/JB6\/papap\/wp-content\/uploads\/2018\/05\/af5.jpg\u00a0\u00bb custom_padding=\u00a0\u00bb|10px||\u00a0\u00bb force_fullwidth=\u00a0\u00bbon\u00a0\u00bb animation_style=\u00a0\u00bbfade\u00a0\u00bb animation_delay=\u00a0\u00bb500ms\u00a0\u00bb \/][et_pb_image _builder_version=\u00a0\u00bb3.1.1&Prime; src=\u00a0\u00bbhttp:\/\/www.bluehouse.fr\/JB6\/papap\/wp-content\/uploads\/2018\/05\/af3.jpg\u00a0\u00bb custom_padding=\u00a0\u00bb|10px||\u00a0\u00bb force_fullwidth=\u00a0\u00bbon\u00a0\u00bb animation_style=\u00a0\u00bbfade\u00a0\u00bb animation_delay=\u00a0\u00bb1000ms\u00a0\u00bb \/][\/et_pb_column][et_pb_column type=\u00a0\u00bb1_4&Prime;][\/et_pb_column][et_pb_column type=\u00a0\u00bb1_4&Prime;][\/et_pb_column][\/et_pb_row][et_pb_row disabled_on=\u00a0\u00bb|on|on\u00a0\u00bb disabled=\u00a0\u00bboff\u00a0\u00bb background_position=\u00a0\u00bbtop_left\u00a0\u00bb background_repeat=\u00a0\u00bbrepeat\u00a0\u00bb background_size=\u00a0\u00bbinitial\u00a0\u00bb][et_pb_column type=\u00a0\u00bb4_4&Prime;][et_pb_image _builder_version=\u00a0\u00bb3.1.1&Prime; src=\u00a0\u00bbhttp:\/\/www.bluehouse.fr\/JB6\/papap\/wp-content\/uploads\/2018\/05\/af1.jpg\u00a0\u00bb custom_padding=\u00a0\u00bb|10px||\u00a0\u00bb force_fullwidth=\u00a0\u00bbon\u00a0\u00bb animation_style=\u00a0\u00bbfade\u00a0\u00bb animation_delay=\u00a0\u00bb500ms\u00a0\u00bb \/][et_pb_image _builder_version=\u00a0\u00bb3.1.1&Prime; src=\u00a0\u00bbhttp:\/\/www.bluehouse.fr\/JB6\/papap\/wp-content\/uploads\/2018\/05\/af5.jpg\u00a0\u00bb custom_padding=\u00a0\u00bb|10px||\u00a0\u00bb force_fullwidth=\u00a0\u00bbon\u00a0\u00bb animation_style=\u00a0\u00bbfade\u00a0\u00bb animation_delay=\u00a0\u00bb500ms\u00a0\u00bb \/][et_pb_image _builder_version=\u00a0\u00bb3.1.1&Prime; src=\u00a0\u00bbhttp:\/\/www.bluehouse.fr\/JB6\/papap\/wp-content\/uploads\/2018\/05\/af4.jpg\u00a0\u00bb custom_padding=\u00a0\u00bb|10px||\u00a0\u00bb force_fullwidth=\u00a0\u00bbon\u00a0\u00bb animation_style=\u00a0\u00bbfade\u00a0\u00bb animation_delay=\u00a0\u00bb750ms\u00a0\u00bb \/][et_pb_image _builder_version=\u00a0\u00bb3.1.1&Prime; src=\u00a0\u00bbhttp:\/\/www.bluehouse.fr\/JB6\/papap\/wp-content\/uploads\/2018\/05\/af3.jpg\u00a0\u00bb custom_padding=\u00a0\u00bb|10px||\u00a0\u00bb force_fullwidth=\u00a0\u00bbon\u00a0\u00bb animation_style=\u00a0\u00bbfade\u00a0\u00bb animation_delay=\u00a0\u00bb1000ms\u00a0\u00bb \/][et_pb_image _builder_version=\u00a0\u00bb3.1.1&Prime; src=\u00a0\u00bbhttp:\/\/www.bluehouse.fr\/JB6\/papap\/wp-content\/uploads\/2018\/05\/af2.jpg\u00a0\u00bb custom_padding=\u00a0\u00bb|10px||\u00a0\u00bb force_fullwidth=\u00a0\u00bbon\u00a0\u00bb animation_style=\u00a0\u00bbfade\u00a0\u00bb animation_delay=\u00a0\u00bb1250ms\u00a0\u00bb \/][\/et_pb_column][\/et_pb_row][\/et_pb_section][et_pb_section bb_built=\u00a0\u00bb1&Prime; specialty=\u00a0\u00bboff\u00a0\u00bb _builder_version=\u00a0\u00bb3.1.1&Prime; custom_margin=\u00a0\u00bb0px||0px|\u00a0\u00bb custom_padding=\u00a0\u00bb0px||0px|\u00a0\u00bb collapsed=\u00a0\u00bbon\u00a0\u00bb prev_background_color=\u00a0\u00bb#000000&Prime; global_module=\u00a0\u00bb405&Prime;][et_pb_row global_parent=\u00a0\u00bb405&Prime; _builder_version=\u00a0\u00bb3.1.1&Prime; background_color=\u00a0\u00bb#afafaf\u00a0\u00bb use_background_color_gradient=\u00a0\u00bbon\u00a0\u00bb background_color_gradient_start=\u00a0\u00bb#dddddd\u00a0\u00bb background_color_gradient_end=\u00a0\u00bb#9b9b9b\u00a0\u00bb background_color_gradient_direction=\u00a0\u00bb1deg\u00a0\u00bb background_color_gradient_direction_radial=\u00a0\u00bbtop\u00a0\u00bb make_fullwidth=\u00a0\u00bbon\u00a0\u00bb custom_padding=\u00a0\u00bb0px||10px|\u00a0\u00bb use_custom_gutter=\u00a0\u00bbon\u00a0\u00bb gutter_width=\u00a0\u00bb1&Prime; custom_margin=\u00a0\u00bb0px||0px|\u00a0\u00bb][et_pb_column type=\u00a0\u00bb4_4&Prime;][\/et_pb_column][\/et_pb_row][\/et_pb_section]<\/p>\n","protected":false},"excerpt":{"rendered":"<p>[et_pb_section bb_built=\u00a0\u00bb1&Prime; specialty=\u00a0\u00bboff\u00a0\u00bb _builder_version=\u00a0\u00bb3.1.1&Prime; custom_margin=\u00a0\u00bb0px||0px|\u00a0\u00bb custom_padding=\u00a0\u00bb0px||0px|\u00a0\u00bb collapsed=\u00a0\u00bbon\u00a0\u00bb global_module=\u00a0\u00bb405&Prime; next_background_color=\u00a0\u00bb#000000&Prime;][et_pb_row global_parent=\u00a0\u00bb405&Prime; _builder_version=\u00a0\u00bb3.1.1&Prime; background_color=\u00a0\u00bb#afafaf\u00a0\u00bb use_background_color_gradient=\u00a0\u00bbon\u00a0\u00bb background_color_gradient_start=\u00a0\u00bb#dddddd\u00a0\u00bb background_color_gradient_end=\u00a0\u00bb#9b9b9b\u00a0\u00bb background_color_gradient_direction=\u00a0\u00bb1deg\u00a0\u00bb background_color_gradient_direction_radial=\u00a0\u00bbtop\u00a0\u00bb make_fullwidth=\u00a0\u00bbon\u00a0\u00bb custom_padding=\u00a0\u00bb0px||10px|\u00a0\u00bb use_custom_gutter=\u00a0\u00bbon\u00a0\u00bb gutter_width=\u00a0\u00bb1&Prime; custom_margin=\u00a0\u00bb0px||0px|\u00a0\u00bb][et_pb_column type=\u00a0\u00bb4_4&Prime;][\/et_pb_column][\/et_pb_row][\/et_pb_section][et_pb_section bb_built=\u00a0\u00bb1&Prime; _builder_version=\u00a0\u00bb3.1.1&Prime; background_image=\u00a0\u00bbhttp:\/\/www.bluehouse.fr\/JB6\/papap\/wp-content\/uploads\/2018\/05\/fond-donko-2-1-3.jpg\u00a0\u00bb parallax=\u00a0\u00bbon\u00a0\u00bb parallax_method=\u00a0\u00bboff\u00a0\u00bb custom_margin=\u00a0\u00bb0px|||\u00a0\u00bb custom_padding=\u00a0\u00bb0px|||\u00a0\u00bb prev_background_color=\u00a0\u00bb#ffffff\u00a0\u00bb next_background_color=\u00a0\u00bb#ffffff\u00a0\u00bb animation_style=\u00a0\u00bbfade\u00a0\u00bb][et_pb_row _builder_version=\u00a0\u00bb3.1.1&Prime; use_custom_gutter=\u00a0\u00bbon\u00a0\u00bb gutter_width=\u00a0\u00bb1&Prime; custom_margin=\u00a0\u00bb0px|||\u00a0\u00bb custom_padding=\u00a0\u00bb0px|||\u00a0\u00bb make_fullwidth=\u00a0\u00bbon\u00a0\u00bb][et_pb_column type=\u00a0\u00bb1_4&Prime;][et_pb_image admin_label=\u00a0\u00bbImage BUR\u00a0\u00bb _builder_version=\u00a0\u00bb3.1.1&Prime; src=\u00a0\u00bbhttp:\/\/www.bluehouse.fr\/JB6\/papap\/wp-content\/uploads\/2018\/05\/logo-donko.jpg\u00a0\u00bb force_fullwidth=\u00a0\u00bbon\u00a0\u00bb show_bottom_space=\u00a0\u00bboff\u00a0\u00bb animation_style=\u00a0\u00bbslide\u00a0\u00bb animation_direction=\u00a0\u00bbleft\u00a0\u00bb animation_delay=\u00a0\u00bb250ms\u00a0\u00bb disabled_on=\u00a0\u00bbon|on|\u00a0\u00bb disabled=\u00a0\u00bboff\u00a0\u00bb \/][et_pb_image admin_label=\u00a0\u00bbImage MOB\u00a0\u00bb _builder_version=\u00a0\u00bb3.1.1&Prime; [&hellip;]<\/p>\n","protected":false},"author":4,"featured_media":0,"parent":0,"menu_order":0,"comment_status":"closed","ping_status":"closed","template":"","meta":{"_et_pb_use_builder":"on","_et_pb_old_content":""},"_links":{"self":[{"href":"https:\/\/www.bluehouse.fr\/JB6\/papap\/wp-json\/wp\/v2\/pages\/21"}],"collection":[{"href":"https:\/\/www.bluehouse.fr\/JB6\/papap\/wp-json\/wp\/v2\/pages"}],"about":[{"href":"https:\/\/www.bluehouse.fr\/JB6\/papap\/wp-json\/wp\/v2\/types\/page"}],"author":[{"embeddable":true,"href":"https:\/\/www.bluehouse.fr\/JB6\/papap\/wp-json\/wp\/v2\/users\/4"}],"replies":[{"embeddable":true,"href":"https:\/\/www.bluehouse.fr\/JB6\/papap\/wp-json\/wp\/v2\/comments?post=21"}],"version-history":[{"count":0,"href":"https:\/\/www.bluehouse.fr\/JB6\/papap\/wp-json\/wp\/v2\/pages\/21\/revisions"}],"wp:attachment":[{"href":"https:\/\/www.bluehouse.fr\/JB6\/papap\/wp-json\/wp\/v2\/media?parent=21"}],"curies":[{"name":"wp","href":"https:\/\/api.w.org\/{rel}","templated":true}]}}