{"id":1623,"date":"2020-11-30T09:56:29","date_gmt":"2020-11-30T08:56:29","guid":{"rendered":"http:\/\/www.bluehouse.fr\/JB6\/mof-7\/?page_id=1623"},"modified":"2020-12-25T23:35:05","modified_gmt":"2020-12-25T22:35:05","slug":"mentions-legales","status":"publish","type":"page","link":"http:\/\/www.bluehouse.fr\/JB6\/mof-7\/mentions-legales\/","title":{"rendered":"Mentions L\u00e9gales"},"content":{"rendered":"<p>[et_pb_section fb_built=\u00a0\u00bb1&Prime; _builder_version=\u00a0\u00bb4.7.4&Prime; _module_preset=\u00a0\u00bbdefault\u00a0\u00bb da_disable_devices=\u00a0\u00bboff|off|off\u00a0\u00bb da_is_popup=\u00a0\u00bboff\u00a0\u00bb da_exit_intent=\u00a0\u00bboff\u00a0\u00bb da_has_close=\u00a0\u00bbon\u00a0\u00bb da_alt_close=\u00a0\u00bboff\u00a0\u00bb da_dark_close=\u00a0\u00bboff\u00a0\u00bb da_not_modal=\u00a0\u00bbon\u00a0\u00bb da_is_singular=\u00a0\u00bboff\u00a0\u00bb da_with_loader=\u00a0\u00bboff\u00a0\u00bb da_has_shadow=\u00a0\u00bbon\u00a0\u00bb][et_pb_row _builder_version=\u00a0\u00bb4.7.4&Prime; _module_preset=\u00a0\u00bbdefault\u00a0\u00bb][et_pb_column type=\u00a0\u00bb4_4&Prime; _builder_version=\u00a0\u00bb4.7.4&Prime; _module_preset=\u00a0\u00bbdefault\u00a0\u00bb][et_pb_text _builder_version=\u00a0\u00bb4.7.7&Prime; _module_preset=\u00a0\u00bbdefault\u00a0\u00bb hover_enabled=\u00a0\u00bb0&Prime; sticky_enabled=\u00a0\u00bb0&Prime;]<\/p>\n<h1>Mentions L\u00e9gales<\/h1>\n<p>&nbsp;<\/p>\n<p>Le site www.missoscarfactory.fr est \u00e9dit\u00e9 par la soci\u00e9t\u00e9 SARL Miss Oscar Factory L&rsquo;Atelier au capital de 2000 euros, immatricul\u00e9e au RCS de Grenoble le 15\/10\/2020 sous le num\u00e9ro Siret 88986662000012 et dont le si\u00e8ge social est situ\u00e9 au 46 avenue Alsace-Lorraine 38000 Grenoble.<\/p>\n<p>N\u00b0TVA intracommunautaire : FR16889866620<\/p>\n<p><u>Activit\u00e9 :<\/u> R\u00e9paration d&rsquo;autres biens personnels et domestiques (9529Z)<\/p>\n<p>&nbsp;<\/p>\n<p><u>Contact :<\/u> <a href=\"mailto:missoscarfactory@gmail.com\">missoscarfactory@gmail.com<\/a> \/ 07 88 52 59 16<\/p>\n<p>&nbsp;<\/p>\n<p>H\u00e9bergeur\u00a0: Gandi, SASU immatricul\u00e9e le 28\/05\/1999 au RCS de Paris sous le num\u00e9ro 42309345900042, situ\u00e9e au 63 boulevard Massena 75013 Paris.<\/p>\n<p>&nbsp;<\/p>\n<p><u>Editeur :<\/u> C\u00e9line Maras (g\u00e9rante de Miss Oscar Factory L&rsquo;Atelier)<\/p>\n<p>&nbsp;<\/p>\n<p>SARL Miss Oscar Factory L&rsquo;Atelier tient \u00e0 jour le plus r\u00e9guli\u00e8rement possible les informations diffus\u00e9es sur le site www.missoscarfactory.fr et se r\u00e9serve le droit d\u2019en modifier le contenu sans pr\u00e9vis. Les informations et visuels diffus\u00e9s sont \u00e0 caract\u00e8re informatif et ne sauraient en aucun cas constituer un document contractuel.<\/p>\n<p>&nbsp;<\/p>\n<p>Miss Oscar Factory L&rsquo;Atelier ne saurait \u00eatre tenu pour responsable de tout dommage direct ou indirect r\u00e9sultant de l\u2019acc\u00e8s au site, son utilisation ou l\u2019impossibilit\u00e9 d\u2019acc\u00e8s, ainsi que de tout dommage aupr\u00e8s de l\u2019utilisateur.<\/p>\n<p>Miss Oscar Factory L&rsquo;Atelier est en droit d\u2019ajouter, modifier et supprimer \u00e0 n\u2019importe quel moment tout ou une partie des services inclus dans le site internet, de l\u2019interrompre pour une dur\u00e9e ou de r\u00e9silier la licence. Les mentions l\u00e9gales peuvent \u00e9galement \u00eatre modifi\u00e9es sans pr\u00e9avis.<\/p>\n<p>&nbsp;<\/p>\n<p>&nbsp;<\/p>\n<p><u>Liens : <\/u><\/p>\n<p>Le liens hypertextes vers le site www.missoscarfactory.fr ne sont en aucun cas sous le contr\u00f4le de Miss Oscar Factory L&rsquo;Atelier, laquelle ne pourra \u00eatre tenue pour responsable de sites ayant un lien hypertexte vers son propre site.<\/p>\n<p>&nbsp;<\/p>\n<p><u>Propri\u00e9t\u00e9 intellectuelle :<\/u><\/p>\n<p>L\u2019int\u00e9gralit\u00e9 du site www.missoscarfactory.fr ainsi que chacun des \u00e9l\u00e9ments qui le constituent est une \u0153uvre prot\u00e9g\u00e9e et rel\u00e8vent de la l\u00e9gislation fran\u00e7aise sur le droit d\u2019auteur, l\u2019image et la propri\u00e9t\u00e9 intellectuelle.<\/p>\n<p>Aucune exploitation commerciale, utilisation, repr\u00e9sentation, reproduction, traduction, incorporation, modification, commercialisation, partielle ou int\u00e9grale des \u00e9l\u00e9ments de ce site ne peut se faire sans autorisation pr\u00e9alable de Miss Oscar Factory L&rsquo;Atelier.<\/p>\n<p>&nbsp;<\/p>\n<p><u>Protection des donn\u00e9es\u00a0: <\/u><\/p>\n<p>Miss Oscar Factory L&rsquo;Atelier applique strictement la loi 78-17 du 6 janvier 1978 modifi\u00e9e en 2004\u00a0 relative \u00e0 \u00ab l\u2019informatique, aux fichiers et aux libert\u00e9s \u00bb.<\/p>\n<p>Les informations personnelles des clients sont prot\u00e9g\u00e9es et exclusivement r\u00e9serv\u00e9es \u00e0 l\u2019usage de la soci\u00e9t\u00e9. Le client dispose d\u2019un droit d\u2019acc\u00e8s, de modification, de rectification et de suppression de ses donn\u00e9es personnelles sur simple demande \u00e9crite \u00e0\u00a0:<\/p>\n<p>SARL Miss Oscar Factory L&rsquo;Atelier<\/p>\n<p>46 avenue Alsace Lorraine<\/p>\n<p>38000 Grenoble<\/p>\n<p>&nbsp;<\/p>\n<p>Le site <a href=\"http:\/\/www.cppa.fr\/mof-7\">www.missoscarfactory.fr<\/a> est r\u00e9gi par la loi fran\u00e7aise , en cas de litige, seuls les tribunaux fran\u00e7ais seront comp\u00e9tents.<\/p>\n<p>[\/et_pb_text][\/et_pb_column][\/et_pb_row][\/et_pb_section]<\/p>\n","protected":false},"excerpt":{"rendered":"<p>[et_pb_section fb_built=\u00a0\u00bb1&Prime; _builder_version=\u00a0\u00bb4.7.4&Prime; _module_preset=\u00a0\u00bbdefault\u00a0\u00bb da_disable_devices=\u00a0\u00bboff|off|off\u00a0\u00bb da_is_popup=\u00a0\u00bboff\u00a0\u00bb da_exit_intent=\u00a0\u00bboff\u00a0\u00bb da_has_close=\u00a0\u00bbon\u00a0\u00bb da_alt_close=\u00a0\u00bboff\u00a0\u00bb da_dark_close=\u00a0\u00bboff\u00a0\u00bb da_not_modal=\u00a0\u00bbon\u00a0\u00bb da_is_singular=\u00a0\u00bboff\u00a0\u00bb da_with_loader=\u00a0\u00bboff\u00a0\u00bb da_has_shadow=\u00a0\u00bbon\u00a0\u00bb][et_pb_row _builder_version=\u00a0\u00bb4.7.4&Prime; _module_preset=\u00a0\u00bbdefault\u00a0\u00bb][et_pb_column type=\u00a0\u00bb4_4&Prime; _builder_version=\u00a0\u00bb4.7.4&Prime; _module_preset=\u00a0\u00bbdefault\u00a0\u00bb][et_pb_text _builder_version=\u00a0\u00bb4.7.7&Prime; _module_preset=\u00a0\u00bbdefault\u00a0\u00bb hover_enabled=\u00a0\u00bb0&Prime; sticky_enabled=\u00a0\u00bb0&Prime;] Mentions L\u00e9gales &nbsp; Le site www.missoscarfactory.fr est [&hellip;]<\/p>\n","protected":false},"author":13,"featured_media":0,"parent":0,"menu_order":0,"comment_status":"closed","ping_status":"closed","template":"","meta":{"_et_pb_use_builder":"on","_et_pb_old_content":"","_et_gb_content_width":"","footnotes":""},"class_list":["post-1623","page","type-page","status-publish","hentry"],"_links":{"self":[{"href":"http:\/\/www.bluehouse.fr\/JB6\/mof-7\/wp-json\/wp\/v2\/pages\/1623"}],"collection":[{"href":"http:\/\/www.bluehouse.fr\/JB6\/mof-7\/wp-json\/wp\/v2\/pages"}],"about":[{"href":"http:\/\/www.bluehouse.fr\/JB6\/mof-7\/wp-json\/wp\/v2\/types\/page"}],"author":[{"embeddable":true,"href":"http:\/\/www.bluehouse.fr\/JB6\/mof-7\/wp-json\/wp\/v2\/users\/13"}],"replies":[{"embeddable":true,"href":"http:\/\/www.bluehouse.fr\/JB6\/mof-7\/wp-json\/wp\/v2\/comments?post=1623"}],"version-history":[{"count":0,"href":"http:\/\/www.bluehouse.fr\/JB6\/mof-7\/wp-json\/wp\/v2\/pages\/1623\/revisions"}],"wp:attachment":[{"href":"http:\/\/www.bluehouse.fr\/JB6\/mof-7\/wp-json\/wp\/v2\/media?parent=1623"}],"curies":[{"name":"wp","href":"https:\/\/api.w.org\/{rel}","templated":true}]}}